e greatest common divisor of a and 6?
6
Suppose 1 = -3*h + 10. Let a be h*(0 - (-6)/9). Suppose 2*y - 19 = -5*c, -3*y = -0*c + a*c - 34. Calculate the greatest common divisor of y and 6.
6
Suppose -30 = -2*k - 4*r, -30 = -4*k + 2*k + 2*r. Calculate the highest common factor of k and 3.
3
Suppose 0 = 2*h - 0*h. Suppose 85 = 5*t - 3*y, 76 = 4*t - h*t - 4*y. Let z be (-100)/(-5)*(-56)/(-10). Calculate the highest common factor of t and z.
14
Let n(z) = 5*z + 19. Let i be n(3). Calculate the highest common divisor of 1462 and i.
34
Suppose -29*a + 609 = -638. What is the highest common divisor of a and 1849?
43
Let n be 4/(-6) + 354/18. Suppose 3*i + 5*w - w = 92, -i + w = -n. Suppose -l + b + 42 = 15, -3*b = 4*l - 87. Calculate the greatest common divisor of i and l.
24
Let a = -30 + 32. Suppose -13 = -4*m + 11. Calculate the greatest common factor of m and a.
2
Let v(f) = 14*f - 98. Let d be v(8). Calculate the greatest common factor of d and 189.
7
Let w(g) = -g**2 + 30*g - 187. Let p be w(16). Calculate the highest common factor of 259 and p.
37
Suppose -189*x + 196*x - 2072 = 0. Calculate the greatest common factor of x and 24.
8
Suppose -a - 4*j + 6 + 62 = 0, 2*j = -2*a + 130. Let o = -31 - -27. Let f be (0 - (-2)/o)*2 + 9. Calculate the greatest common factor of f and a.
8
Let z = 23 - 17. Let s(a) = -a**2 - 6*a - 6. Let j be s(-5). Let v(f) = -16*f + 2. Let u be v(j). Calculate the highest common divisor of z and u.
6
Let b(l) = 7*l**2 + l + 5. Let g = 43 - 45. Let r be b(g). Calculate the greatest common divisor of r and 124.
31
Let o(b) = b**3 - 10*b**2 - b - 6. Let q be o(9). Let t = q + 161. Let z = t - 19. What is the greatest common divisor of z and 115?
23
Suppose 2125 - 2185 = -6*j. Calculate the highest common factor of j and 96.
2
Suppose 2*m = 2*f - 202, 4 + 11 = 5*m. What is the greatest common divisor of 39 and f?
13
Let v = 1688 - 1333. What is the highest common divisor of v and 213?
71
Let p = -29 + 59. Let o = p + -20. What is the greatest common divisor of o and 30?
10
Suppose -u = u + 5*k - 1413, 5*u - 5*k - 3445 = 0. Let t = u - 408. Let r be (-9)/(-12) + (-505)/(-20). Calculate the greatest common factor of t and r.
26
Suppose 0 = -b + 3*b + 8, -4*h + 5*b + 1076 = 0. Let j be ((-1 - -1) + 3)/(18/h). What is the greatest common divisor of j and 11?
11
Let b = 327 - 87. Calculate the greatest common factor of 16 and b.
16
Suppose 24 = -3*j - 3*m, 0 = -m - 1 - 2. Let i be (j + 7)/(2/11). Let v(n) = -53*n - 528. Let h be v(-11). Calculate the greatest common factor of i and h.
11
Let o be (4 + -5)*(-2220)/6. Calculate the highest common divisor of o and 10.
10
Let k = -119 + 141. What is the highest common divisor of k and 22?
22
Let z(v) = -2*v**3 - 5*v**2 + 2*v + 8. Let d be (5*6/75)/(1/(-10)). Let n be z(d). Calculate the greatest common divisor of 36 and n.
12
Let d be 3 - -1 - (0 + 0 - 60). Calculate the highest common factor of 224 and d.
32
Let o be -1 + (-73)/(-3) - (-2)/3. Calculate the highest common divisor of 488 and o.
8
Suppose 0 = r - 81 + 31. Let x(p) = 2*p**2 - 12*p + 14. Let f be x(5). Suppose -f*a = 16, 5*l - 4*l - a = 24. What is the highest common divisor of l and r?
10
Let f be -2 + 3 - 1*(-62)/2. What is the greatest common divisor of 352 and f?
32
Let f(l) = -2 - 5*l - l**2 + 8 + 6. Let d be f(-6). Let x = d - -3. What is the highest common divisor of x and 18?
9
Let a(i) = -i**3 - 6*i**2 - 3*i - 13. Let p be a(-6). Suppose p*h - h = -4*s + 40, 0 = -2*s + 4. What is the greatest common divisor of 24 and h?
8
Suppose j - 4*z + 38 + 5 = 0, 0 = 3*j + z + 168. Let v = j - -58. What is the highest common divisor of v and 12?
3
Let q be 8 - (6/(-3) + 5). Suppose d - 31 = -11. What is the highest common factor of q and d?
5
Let b be ((-20)/(-3))/(48/(-216)). Let u be (-776)/b + 12/90. Calculate the highest common factor of 78 and u.
26
Let r(g) = -g**2 + 8*g + 12. Let k be r(5). Calculate the highest common divisor of k and 72.
9
Let y(s) be the third derivative of s**5/30 + 7*s**4/24 - 11*s**3/6 + 12*s**2. Let m be y(-6). What is the greatest common factor of m and 209?
19
Let s(n) = -120*n**3 + n**2 - 1. Let k be s(-1). Suppose 3*c + 8 = 5*c, 84 = 3*l + 3*c. What is the highest common factor of k and l?
24
Let x(z) = z**3 + 13*z**2 + 14*z + 15. Let p be x(-12). Let k(i) = -7 - 5 + 2*i - 6*i. Let q be k(p). Calculate the highest common factor of 48 and q.
24
Suppose 460 = 4*x - 3*h, -4*x + 460 = -0*x + 5*h. Let t = 214 - x. Calculate the greatest common factor of 11 and t.
11
Let s be (1 + 0)*(19 + -18). Let k be ((-190)/(-30))/(s/3). Suppose -60 = 2*b - 288. Calculate the greatest common factor of b and k.
19
Let l(x) = -50*x. Let q be l(-3). Calculate the highest common factor of 200 and q.
50
Let u be 76/18 - 2/9. Suppose 14 = -u*f + 174. Let z be (-87)/(-21) - (-2)/(-14). What is the highest common divisor of z and f?
4
Let i(x) = 4*x + 24. Let j be i(7). Suppose 5*k + 23 - 78 = 2*c, -3*k + 3*c + 24 = 0. Calculate the greatest common divisor of k and j.
13
Suppose r + 14 = -3*l + 380, -2*l = -3*r + 1043. What is the highest common factor of 9 and r?
9
Suppose 0 = -3*b - 17*b + 720. What is the greatest common factor of 24 and b?
12
Suppose 7*i - 85 = 2435. What is the greatest common divisor of 16 and i?
8
Suppose 0*b - g = 2*b - 11, -3*g = 4*b - 21. Let p be 2/(-3) + 40/6. What is the greatest common divisor of b and p?
6
Suppose -3*l - 9 = -u - 7*l, 5*u + 3*l = -6. Let r be u*1/((-2)/6). Calculate the greatest common divisor of 9 and r.
9
Suppose -22*u - 2112 = -66*u. What is the highest common factor of u and 20?
4
Suppose 3*u = 4*u - 15. Let y = 11 - 6. Calculate the highest common divisor of y and u.
5
Let c be 7*(2/7 + 24/6). Suppose 5*l + 70 + c = 5*a, 0 = 2*a + l - 25. Let y be ((-5)/4)/(1/(-24)). Calculate the highest common divisor of a and y.
15
Let b be (-24)/(-8) + -1 + 0. Suppose -b*a - 2 = -3*a. Suppose -a*q + 31 = -9. What is the highest common factor of 30 and q?
10
Suppose 0 = -15*a + 11*a. Suppose a = 6*q + q - 196. What is the greatest common factor of q and 112?
28
Let g = -315 - -322. Calculate the highest common divisor of 7 and g.
7
Suppose 117*z - 115*z = 10. Let o be (10 - (-5 + z))*2. Calculate the highest common factor of o and 180.
20
Suppose 7 = n - 3. Suppose -3*a + 8*o - 3*o = 27, 0 = a + 4*o - 8. Let f(i) = -6*i - 4. Let q be f(a). Calculate the greatest common divisor of n and q.
10
Suppose -2*x = -3 - 3. Let f = x - -6. What is the greatest common factor of 99 and f?
9
Let l = -268 - -382. What is the greatest common divisor of 6 and l?
6
Let q be 18/4 - 3/6. Suppose q*z - 2640 = u, 0 = 3*u - 4*u - 4. Let k be 1/3 - z/(-3). What is the greatest common divisor of 20 and k?
20
Let r(c) = -24*c + 7. Let q be r(-3). Suppose -2*n = -q - 625. Suppose j + 2*p - 63 = 13, -5*j + 4*p + n = 0. What is the greatest common factor of 9 and j?
9
Let p be (-86)/(-172) + (9910/4)/5. Calculate the greatest common factor of p and 31.
31
Let z = -341 + 367. Calculate the greatest common factor of z and 299.
13
Let q(y) = 38*y**2 - 8*y - 4. Let h be q(-1). Let n be 0/3*1 - -28. What is the greatest common factor of n and h?
14
Let k be 1/(2/(-3))*(4 - 2). Let j(b) = -3*b + 16. Let t be j(k). Calculate the highest common divisor of t and 25.
25
Let d(g) = -g**3 + 14*g**2 + 2*g - 20. Let f be d(14). Let u be (-5)/(-3) - f/12. Let a = 11 + u. Calculate the greatest common divisor of a and 12.
12
Let k(l) = 13*l + 6. Let b be k(1). What is the greatest common factor of 1007 and b?
19
Let g be ((-167)/(-4) - 6)*4. What is the highest common divisor of 22 and g?
11
Let p(s) = 5*s**2 + 15*s. Let f be p(-3). Suppose f = -u - d - 14 + 40, -d = -u + 30. Calculate the highest common divisor of 224 and u.
28
Suppose 3*j - 3*y = -j - 3, 4*y = -12. Let m(w) = -2*w**3 - w**2 + 3*w + 4. Let o be m(j). Let p = 1669 - 1569. Calculate the greatest common factor of p and o.
20
Suppose -1002 = -13*k - 872. Let n = -5 - -10. Calculate the greatest common factor of k and n.
5
Suppose 0 = p - 0*p - 2. Suppose -p*v + 53 = -b + 8, b = -5. Suppose -2*w + v = 2*g - 38, -4*w - 2*g = -114. What is the greatest common factor of 224 and w?
28
Let n be 8 + (-1 - -4) + -6. Suppose 15 = -0*o + 3*o. Suppose l + 0*l = 